{"id":765,"date":"2025-09-02T11:30:24","date_gmt":"2025-09-02T09:30:24","guid":{"rendered":"https:\/\/demo.vbrk.de\/?page_id=765"},"modified":"2025-09-04T12:49:20","modified_gmt":"2025-09-04T10:49:20","slug":"kreisvereine-oberfranken","status":"publish","type":"page","link":"https:\/\/demo.vbrk.de\/?page_id=765","title":{"rendered":"Kreisvereine Oberfranken"},"content":{"rendered":"<h2>\u00a0<\/h2>\n<h2>Bayreuth<\/h2>\n\n\n<p>&nbsp;<\/p>\n\n\n\n<p><strong>Kreisvorsitzender:<\/strong><\/p>\n\n\n\n<p>Christian Wei\u00dfenberger, Dr. Jula-Dittmar-Weg 1, 995448 Bayreuth, Tel. 0921\/7308244,&nbsp;<a href=\"mailto:weissenberger.christian@web.de\">weissenberger.christian@web.de<\/a><\/p>\n\n\n\n<p><strong>Kreisjugendleiter:<\/strong><\/p>\n\n\n\n<p>Reiner Zapf, Leisau 65a, 95497 Goldkronach, Tel. 0151\/70068436,&nbsp;<a href=\"mailto:reiner.zapf1@tonline.de\">reiner.zapf1@tonline.de<\/a><\/p>\n\n\n<p><p>&nbsp;<\/p>\n<p>&nbsp;<\/p>\n<p>&nbsp;<\/p><\/p>\n\n\n<figure class=\"wp-block-flexible-table-block-table\"><table class=\"has-fixed-layout\"><tbody><tr><td>&nbsp;<\/td><td>&nbsp;<\/td><td>&nbsp;<\/td><td>&nbsp;<\/td><td>&nbsp;<\/td><\/tr><tr><td>&nbsp;<\/td><td>&nbsp;<\/td><td>&nbsp;<\/td><td>&nbsp;<\/td><td>&nbsp;<\/td><\/tr><tr><td>&nbsp;<\/td><td>&nbsp;<\/td><td>&nbsp;<\/td><td>&nbsp;<\/td><td>&nbsp;<\/td><\/tr><tr><td>&nbsp;<\/td><td>&nbsp;<\/td><td>&nbsp;<\/td><td>&nbsp;<\/td><td>&nbsp;<\/td><\/tr><tr><td>&nbsp;<\/td><td>&nbsp;<\/td><td>&nbsp;<\/td><td>&nbsp;<\/td><td>&nbsp;<\/td><\/tr><tr><td>&nbsp;<\/td><td>&nbsp;<\/td><td>&nbsp;<\/td><td>&nbsp;<\/td><td>&nbsp;<\/td><\/tr><tr><td>&nbsp;<\/td><td>&nbsp;<\/td><td>&nbsp;<\/td><td>&nbsp;<\/td><td>&nbsp;<\/td><\/tr><tr><td>&nbsp;<\/td><td>&nbsp;<\/td><td>&nbsp;<\/td><td>&nbsp;<\/td><td>&nbsp;<\/td><\/tr><tr><td>&nbsp;<\/td><td>&nbsp;<\/td><td>&nbsp;<\/td><td>&nbsp;<\/td><td>&nbsp;<\/td><\/tr><tr><td>&nbsp;<\/td><td>&nbsp;<\/td><td>&nbsp;<\/td><td>&nbsp;<\/td><td>&nbsp;<\/td><\/tr><tr><td>&nbsp;<\/td><td>&nbsp;<\/td><td>&nbsp;<\/td><td>&nbsp;<\/td><td>&nbsp;<\/td><\/tr><tr><td>&nbsp;<\/td><td>&nbsp;<\/td><td>&nbsp;<\/td><td>&nbsp;<\/td><td>&nbsp;<\/td><\/tr><\/tbody><\/table><\/figure>\n\n\n<p><p>&nbsp;<\/p>\n<p>&nbsp;<\/p><\/p>\n\n\n<h2 class=\"wp-block-heading\">Lichtenfels<\/h2>\n\n\n\n<p><strong>Kreisvorsitzender:<\/strong><\/p>\n\n\n\n<p>Ralf Topfstedt, Veitsbergblick 1, 96179 Rattelsdorf, Tel. 09547\/872419,&nbsp;<a href=\"mailto:topfstedt.ralfi@t-online.de\">topfstedt.ralfi@t-online.de<\/a><\/p>\n\n\n\n<p><strong>Kreisjugendleiter:<\/strong><\/p>\n\n\n\n<p>Axel Schardt, Goethestra\u00dfe 2, 96247 Michelau, Tel. 09471\/88279<\/p>\n\n\n<p><p>&nbsp;<\/p>\n<p>&nbsp;<\/p><\/p>\n\n\n<p>&nbsp;<\/p>\n\n\n\n<figure class=\"wp-block-flexible-table-block-table\"><table class=\"has-fixed-layout\"><tbody><tr><td>&nbsp;<\/td><td>&nbsp;<\/td><td>&nbsp;<\/td><td>&nbsp;<\/td><td>&nbsp;<\/td><\/tr><tr><td>&nbsp;<\/td><td>&nbsp;<\/td><td>&nbsp;<\/td><td>&nbsp;<\/td><td>&nbsp;<\/td><\/tr><tr><td>&nbsp;<\/td><td>&nbsp;<\/td><td>&nbsp;<\/td><td>&nbsp;<\/td><td>&nbsp;<\/td><\/tr><tr><td>&nbsp;<\/td><td>&nbsp;<\/td><td>&nbsp;<\/td><td>&nbsp;<\/td><td>&nbsp;<\/td><\/tr><tr><td>&nbsp;<\/td><td>&nbsp;<\/td><td>&nbsp;<\/td><td>&nbsp;<\/td><td>&nbsp;<\/td><\/tr><tr><td>&nbsp;<\/td><td>&nbsp;<\/td><td>&nbsp;<\/td><td>&nbsp;<\/td><td>&nbsp;<\/td><\/tr><tr><td>&nbsp;<\/td><td>&nbsp;<\/td><td>&nbsp;<\/td><td>&nbsp;<\/td><td>&nbsp;<\/td><\/tr><tr><td>&nbsp;<\/td><td>&nbsp;<\/td><td>&nbsp;<\/td><td>&nbsp;<\/td><td>&nbsp;<\/td><\/tr><tr><td>&nbsp;<\/td><td>&nbsp;<\/td><td>&nbsp;<\/td><td>&nbsp;<\/td><td>&nbsp;<\/td><\/tr><tr><td>&nbsp;<\/td><td>&nbsp;<\/td><td>&nbsp;<\/td><td>&nbsp;<\/td><td>&nbsp;<\/td><\/tr><tr><td>&nbsp;<\/td><td>&nbsp;<\/td><td>&nbsp;<\/td><td>&nbsp;<\/td><td>&nbsp;<\/td><\/tr><tr><td>&nbsp;<\/td><td>&nbsp;<\/td><td>&nbsp;<\/td><td>&nbsp;<\/td><td>&nbsp;<\/td><\/tr><tr><td>&nbsp;<\/td><td>&nbsp;<\/td><td>&nbsp;<\/td><td>&nbsp;<\/td><td>&nbsp;<\/td><\/tr><tr><td>&nbsp;<\/td><td>&nbsp;<\/td><td>&nbsp;<\/td><td>&nbsp;<\/td><td>&nbsp;<\/td><\/tr><tr><td>&nbsp;<\/td><td>&nbsp;<\/td><td>&nbsp;<\/td><td>&nbsp;<\/td><td>&nbsp;<\/td><\/tr><tr><td>&nbsp;<\/td><td>&nbsp;<\/td><td>&nbsp;<\/td><td>&nbsp;<\/td><td>&nbsp;<\/td><\/tr><tr><td>&nbsp;<\/td><td>&nbsp;<\/td><td>&nbsp;<\/td><td>&nbsp;<\/td><td>&nbsp;<\/td><\/tr><tr><td>&nbsp;<\/td><td>&nbsp;<\/td><td>&nbsp;<\/td><td>&nbsp;<\/td><td>&nbsp;<\/td><\/tr><tr><td>&nbsp;<\/td><td>&nbsp;<\/td><td>&nbsp;<\/td><td>&nbsp;<\/td><td>&nbsp;<\/td><\/tr><tr><td>&nbsp;<\/td><td>&nbsp;<\/td><td>&nbsp;<\/td><td>&nbsp;<\/td><td>&nbsp;<\/td><\/tr><tr><td>&nbsp;<\/td><td>&nbsp;<\/td><td>&nbsp;<\/td><td>&nbsp;<\/td><td>&nbsp;<\/td><\/tr><tr><td>&nbsp;<\/td><td>&nbsp;<\/td><td>&nbsp;<\/td><td>&nbsp;<\/td><td>&nbsp;<\/td><\/tr><\/tbody><\/table><\/figure>\n\n\n<p><p>&nbsp;<\/p>\n<p>&nbsp;<\/p><\/p>\n\n\n<h2 class=\"wp-block-heading\">Coburg<\/h2>\n\n\n\n<p>&nbsp;<\/p>\n\n\n\n<p><strong>Kreisvorsitzender:<\/strong><\/p>\n\n\n\n<p>Peter H\u00e4nel, F\u00e4rbergasse 14, 96476 Bad Rodach, Tel.\/Fax 09564\/1741,&nbsp;<a href=\"mailto:Chpehaenel1@t-online.de\">Chpehaenel1@t-online.de<\/a><\/p>\n\n\n\n<p><strong>Kreisjugendleiterin:<\/strong><\/p>\n\n\n\n<p>Tanja Stein, Riedweg 2, 96476 Bad Rodach, Tel. 0171 6828936,&nbsp;<a href=\"mailto:tanja.puff@gmx.de\">tanja.puff@gmx.de<\/a><\/p>\n\n\n<p><p>&nbsp;<\/p>\n<p>&nbsp;<\/p><\/p>\n\n\n<figure class=\"wp-block-flexible-table-block-table\"><table class=\"has-fixed-layout\"><tbody><tr><td>&nbsp;<\/td><td>&nbsp;<\/td><td>&nbsp;<\/td><td>&nbsp;<\/td><td>&nbsp;<\/td><\/tr><tr><td>&nbsp;<\/td><td>&nbsp;<\/td><td>&nbsp;<\/td><td>&nbsp;<\/td><td>&nbsp;<\/td><\/tr><tr><td>&nbsp;<\/td><td>&nbsp;<\/td><td>&nbsp;<\/td><td>&nbsp;<\/td><td>&nbsp;<\/td><\/tr><tr><td>&nbsp;<\/td><td>&nbsp;<\/td><td>&nbsp;<\/td><td>&nbsp;<\/td><td>&nbsp;<\/td><\/tr><tr><td>&nbsp;<\/td><td>&nbsp;<\/td><td>&nbsp;<\/td><td>&nbsp;<\/td><td>&nbsp;<\/td><\/tr><tr><td>&nbsp;<\/td><td>&nbsp;<\/td><td>&nbsp;<\/td><td>&nbsp;<\/td><td>&nbsp;<\/td><\/tr><tr><td>&nbsp;<\/td><td>&nbsp;<\/td><td>&nbsp;<\/td><td>&nbsp;<\/td><td>&nbsp;<\/td><\/tr><tr><td>&nbsp;<\/td><td>&nbsp;<\/td><td>&nbsp;<\/td><td>&nbsp;<\/td><td>&nbsp;<\/td><\/tr><tr><td>&nbsp;<\/td><td>&nbsp;<\/td><td>&nbsp;<\/td><td>&nbsp;<\/td><td>&nbsp;<\/td><\/tr><tr><td>&nbsp;<\/td><td>&nbsp;<\/td><td>&nbsp;<\/td><td>&nbsp;<\/td><td>&nbsp;<\/td><\/tr><tr><td>&nbsp;<\/td><td>&nbsp;<\/td><td>&nbsp;<\/td><td>&nbsp;<\/td><td>&nbsp;<\/td><\/tr><tr><td>&nbsp;<\/td><td>&nbsp;<\/td><td>&nbsp;<\/td><td>&nbsp;<\/td><td>&nbsp;<\/td><\/tr><tr><td>&nbsp;<\/td><td>&nbsp;<\/td><td>&nbsp;<\/td><td>&nbsp;<\/td><td>&nbsp;<\/td><\/tr><tr><td>&nbsp;<\/td><td>&nbsp;<\/td><td>&nbsp;<\/td><td>&nbsp;<\/td><td>&nbsp;<\/td><\/tr><tr><td>&nbsp;<\/td><td>&nbsp;<\/td><td>&nbsp;<\/td><td>&nbsp;<\/td><td>&nbsp;<\/td><\/tr><tr><td>&nbsp;<\/td><td>&nbsp;<\/td><td>&nbsp;<\/td><td>&nbsp;<\/td><td>&nbsp;<\/td><\/tr><tr><td>&nbsp;<\/td><td>&nbsp;<\/td><td>&nbsp;<\/td><td>&nbsp;<\/td><td>&nbsp;<\/td><\/tr><tr><td>&nbsp;<\/td><td>&nbsp;<\/td><td>&nbsp;<\/td><td>&nbsp;<\/td><td>&nbsp;<\/td><\/tr><tr><td>&nbsp;<\/td><td>&nbsp;<\/td><td>&nbsp;<\/td><td>&nbsp;<\/td><td>&nbsp;<\/td><\/tr><tr><td>&nbsp;<\/td><td>&nbsp;<\/td><td>&nbsp;<\/td><td>&nbsp;<\/td><td>&nbsp;<\/td><\/tr><tr><td>&nbsp;<\/td><td>&nbsp;<\/td><td>&nbsp;<\/td><td>&nbsp;<\/td><td>&nbsp;<\/td><\/tr><tr><td>&nbsp;<\/td><td>&nbsp;<\/td><td>&nbsp;<\/td><td>&nbsp;<\/td><td>&nbsp;<\/td><\/tr><tr><td>&nbsp;<\/td><td>&nbsp;<\/td><td>&nbsp;<\/td><td>&nbsp;<\/td><td>&nbsp;<\/td><\/tr><tr><td>&nbsp;<\/td><td>&nbsp;<\/td><td>&nbsp;<\/td><td>&nbsp;<\/td><td>&nbsp;<\/td><\/tr><tr><td>&nbsp;<\/td><td>&nbsp;<\/td><td>&nbsp;<\/td><td>&nbsp;<\/td><td>&nbsp;<\/td><\/tr><tr><td>&nbsp;<\/td><td>&nbsp;<\/td><td>&nbsp;<\/td><td>&nbsp;<\/td><td>&nbsp;<\/td><\/tr><tr><td>&nbsp;<\/td><td>&nbsp;<\/td><td>&nbsp;<\/td><td>&nbsp;<\/td><td>&nbsp;<\/td><\/tr><\/tbody><\/table><\/figure>\n\n\n<p><p>&nbsp;<\/p>\n<p>&nbsp;<\/p><\/p>\n\n\n<h2 class=\"wp-block-heading\">Kulmbach<\/h2>\n\n\n\n<p>&nbsp;<\/p>\n\n\n\n<p><strong>Kreisvorsitzender:<\/strong><\/p>\n\n\n\n<p>Burkhard Lauterbach, Maximilianstra\u00dfe 10, 95359 Thurnau, Tel. 09228\/8381,&nbsp;<a href=\"mailto:buggi-holzwurm@tonline.de\">buggi-holzwurm@tonline.de<\/a><\/p>\n\n\n\n<p><strong>Kreisjugendleiterin:<\/strong><\/p>\n\n\n\n<p>Achim Gutsmann, Hauptstra\u00dfe 2, 95336 Mainleus, Tel. 09229\/6105,&nbsp;<a href=\"mailto:magem@t-online.de\">magem@t-online.de<\/a>Tanja Stein, Riedweg 2, 96476 Bad Rodach, Tel. 0171 6828936,&nbsp;<a href=\"mailto:tanja.puff@gmx.de\">tanja.puff@gmx.de<\/a><\/p>\n\n\n<p><p>&nbsp;<\/p>\n<p>&nbsp;<\/p><\/p>\n\n\n<figure class=\"wp-block-flexible-table-block-table\"><table class=\"has-fixed-layout\"><tbody><tr><td>&nbsp;<\/td><td>&nbsp;<\/td><td>&nbsp;<\/td><td>&nbsp;<\/td><td>&nbsp;<\/td><\/tr><tr><td>&nbsp;<\/td><td>&nbsp;<\/td><td>&nbsp;<\/td><td>&nbsp;<\/td><td>&nbsp;<\/td><\/tr><tr><td>&nbsp;<\/td><td>&nbsp;<\/td><td>&nbsp;<\/td><td>&nbsp;<\/td><td>&nbsp;<\/td><\/tr><tr><td>&nbsp;<\/td><td>&nbsp;<\/td><td>&nbsp;<\/td><td>&nbsp;<\/td><td>&nbsp;<\/td><\/tr><tr><td>&nbsp;<\/td><td>&nbsp;<\/td><td>&nbsp;<\/td><td>&nbsp;<\/td><td>&nbsp;<\/td><\/tr><tr><td>&nbsp;<\/td><td>&nbsp;<\/td><td>&nbsp;<\/td><td>&nbsp;<\/td><td>&nbsp;<\/td><\/tr><tr><td>&nbsp;<\/td><td>&nbsp;<\/td><td>&nbsp;<\/td><td>&nbsp;<\/td><td>&nbsp;<\/td><\/tr><tr><td>&nbsp;<\/td><td>&nbsp;<\/td><td>&nbsp;<\/td><td>&nbsp;<\/td><td>&nbsp;<\/td><\/tr><\/tbody><\/table><\/figure>\n\n\n<p><p>&nbsp;<\/p>\n<p>&nbsp;<\/p><\/p>\n\n\n<h2 class=\"wp-block-heading\">Kronach<\/h2>\n\n\n\n<p>&nbsp;<\/p>\n\n\n\n<p><strong>Kreisvorsitzender:<\/strong><\/p>\n\n\n\n<p>Heinz G\u00e4rtlein, Ruppen 10, 96317 Kronach, Tel. 09261\/51258 oder 0152045673369,&nbsp;<a href=\"mailto:h.gaertlein@web.de\">h.gaertlein@web.de<\/a><\/p>\n\n\n\n<p><strong>Kreisjugendleiterin:<\/strong><\/p>\n\n\n\n<p>z.Z. nicht besetzt<\/p>\n\n\n<p><p>&nbsp;<\/p>\n<p>&nbsp;<\/p><\/p>\n\n\n<figure class=\"wp-block-flexible-table-block-table\"><table class=\"has-fixed-layout\"><tbody><tr><td>&nbsp;<\/td><td>&nbsp;<\/td><td>&nbsp;<\/td><td>&nbsp;<\/td><td>&nbsp;<\/td><\/tr><tr><td>&nbsp;<\/td><td>&nbsp;<\/td><td>&nbsp;<\/td><td>&nbsp;<\/td><td>&nbsp;<\/td><\/tr><tr><td>&nbsp;<\/td><td>&nbsp;<\/td><td>&nbsp;<\/td><td>&nbsp;<\/td><td>&nbsp;<\/td><\/tr><tr><td>&nbsp;<\/td><td>&nbsp;<\/td><td>&nbsp;<\/td><td>&nbsp;<\/td><td>&nbsp;<\/td><\/tr><tr><td>&nbsp;<\/td><td>&nbsp;<\/td><td>&nbsp;<\/td><td>&nbsp;<\/td><td>&nbsp;<\/td><\/tr><tr><td>&nbsp;<\/td><td>&nbsp;<\/td><td>&nbsp;<\/td><td>&nbsp;<\/td><td>&nbsp;<\/td><\/tr><tr><td>&nbsp;<\/td><td>&nbsp;<\/td><td>&nbsp;<\/td><td>&nbsp;<\/td><td>&nbsp;<\/td><\/tr><tr><td>&nbsp;<\/td><td>&nbsp;<\/td><td>&nbsp;<\/td><td>&nbsp;<\/td><td>&nbsp;<\/td><\/tr><tr><td>&nbsp;<\/td><td>&nbsp;<\/td><td>&nbsp;<\/td><td>&nbsp;<\/td><td>&nbsp;<\/td><\/tr><tr><td>&nbsp;<\/td><td>&nbsp;<\/td><td>&nbsp;<\/td><td>&nbsp;<\/td><td>&nbsp;<\/td><\/tr><tr><td>&nbsp;<\/td><td>&nbsp;<\/td><td>&nbsp;<\/td><td>&nbsp;<\/td><td>&nbsp;<\/td><\/tr><tr><td>&nbsp;<\/td><td>&nbsp;<\/td><td>&nbsp;<\/td><td>&nbsp;<\/td><td>&nbsp;<\/td><\/tr><tr><td>&nbsp;<\/td><td>&nbsp;<\/td><td>&nbsp;<\/td><td>&nbsp;<\/td><td>&nbsp;<\/td><\/tr><tr><td>&nbsp;<\/td><td>&nbsp;<\/td><td>&nbsp;<\/td><td>&nbsp;<\/td><td>&nbsp;<\/td><\/tr><\/tbody><\/table><\/figure>\n\n\n<p><p>&nbsp;<\/p>\n<p>&nbsp;<\/p><\/p>\n\n\n<h2 class=\"wp-block-heading\">Hof-Naila<\/h2>\n\n\n\n<p>&nbsp;<\/p>\n\n\n\n<p><strong>Ehrenvorsitzende:<\/strong><\/p>\n\n\n\n<p>Erwin Kofer, 95032 Hof\/Saale, Konradsreuther Stra\u00dfe 11, Tel. 09281 96769,&nbsp;<a href=\"mailto:erwinkofer@googlemail.com\">erwinkofer@googlemail.com<\/a><\/p>\n\n\n\n<p>Richard Metzing, 95182Tauperlitz, Neutauperlitzer Stra\u00dfe 7, Tel. 09281 44203,&nbsp;<a href=\"mailto:richard-metzing@t-online.de\">richard-metzing@t-online.de<\/a><\/p>\n\n\n\n<p><strong>Kreisvorsitzender:<\/strong><\/p>\n\n\n\n<p>Hans Kittel, 95032 Hof, Am Otterberg 14, Tel. 09281\/85191,&nbsp;<a href=\"mailto:Hansi.Kittel@t-online.de\">Hansi.Kittel@t-online.de<\/a><\/p>\n\n\n\n<p><strong>2. Kreisvorsitzender<\/strong>:<\/p>\n\n\n\n<p>Uwe Porst, 95197 Schauenstein, Haidengr\u00fcn 23, Tel. 09289 \/6954,&nbsp;<a href=\"mailto:uwe.porst@gmx.de\">uwe.porst@gmx.de<\/a><\/p>\n\n\n\n<p><strong>1. Zuchtwart<\/strong><\/p>\n\n\n\n<p>Patrick Weber, 95176 Konradsreuth, F\u00f6hrenreuth 9, Tel. 09292 973980,&nbsp;<a href=\"mailto:patrick.weber.1995@web.de\">patrick.weber.1995@web.de<\/a>:<\/p>\n\n\n\n<p><strong>Kreisjugendleiter:<\/strong><\/p>\n\n\n\n<p>Markus Schiller, Rauher B\u00fchl Weg 6, 95180 Tiefengr\u00fcn, Tel. 09293\/932115,&nbsp;<a href=\"mailto:schiller.markus@t-online.de\">schiller.markus@t-online.de<\/a><\/p>\n\n\n<p><p>&nbsp;<\/p>\n<p>&nbsp;<\/p><\/p>\n\n\n<figure class=\"wp-block-flexible-table-block-table\"><table class=\"has-fixed-layout\"><tbody><tr><td>&nbsp;<\/td><td>&nbsp;<\/td><td>&nbsp;<\/td><td>&nbsp;<\/td><td>&nbsp;<\/td><\/tr><tr><td>&nbsp;<\/td><td>&nbsp;<\/td><td>&nbsp;<\/td><td>&nbsp;<\/td><td>&nbsp;<\/td><\/tr><tr><td>&nbsp;<\/td><td>&nbsp;<\/td><td>&nbsp;<\/td><td>&nbsp;<\/td><td>&nbsp;<\/td><\/tr><tr><td>&nbsp;<\/td><td>&nbsp;<\/td><td>&nbsp;<\/td><td>&nbsp;<\/td><td>&nbsp;<\/td><\/tr><tr><td>&nbsp;<\/td><td>&nbsp;<\/td><td>&nbsp;<\/td><td>&nbsp;<\/td><td>&nbsp;<\/td><\/tr><tr><td>&nbsp;<\/td><td>&nbsp;<\/td><td>&nbsp;<\/td><td>&nbsp;<\/td><td>&nbsp;<\/td><\/tr><tr><td>&nbsp;<\/td><td>&nbsp;<\/td><td>&nbsp;<\/td><td>&nbsp;<\/td><td>&nbsp;<\/td><\/tr><tr><td>&nbsp;<\/td><td>&nbsp;<\/td><td>&nbsp;<\/td><td>&nbsp;<\/td><td>&nbsp;<\/td><\/tr><tr><td>&nbsp;<\/td><td>&nbsp;<\/td><td>&nbsp;<\/td><td>&nbsp;<\/td><td>&nbsp;<\/td><\/tr><tr><td>&nbsp;<\/td><td>&nbsp;<\/td><td>&nbsp;<\/td><td>&nbsp;<\/td><td>&nbsp;<\/td><\/tr><tr><td>&nbsp;<\/td><td>&nbsp;<\/td><td>&nbsp;<\/td><td>&nbsp;<\/td><td>&nbsp;<\/td><\/tr><tr><td>&nbsp;<\/td><td>&nbsp;<\/td><td>&nbsp;<\/td><td>&nbsp;<\/td><td>&nbsp;<\/td><\/tr><tr><td>&nbsp;<\/td><td>&nbsp;<\/td><td>&nbsp;<\/td><td>&nbsp;<\/td><td>&nbsp;<\/td><\/tr><tr><td>&nbsp;<\/td><td>&nbsp;<\/td><td>&nbsp;<\/td><td>&nbsp;<\/td><td>&nbsp;<\/td><\/tr><tr><td>&nbsp;<\/td><td>&nbsp;<\/td><td>&nbsp;<\/td><td>&nbsp;<\/td><td>&nbsp;<\/td><\/tr><tr><td>&nbsp;<\/td><td>&nbsp;<\/td><td>&nbsp;<\/td><td>&nbsp;<\/td><td>&nbsp;<\/td><\/tr><tr><td>&nbsp;<\/td><td>&nbsp;<\/td><td>&nbsp;<\/td><td>&nbsp;<\/td><td>&nbsp;<\/td><\/tr><tr><td>&nbsp;<\/td><td>&nbsp;<\/td><td>&nbsp;<\/td><td>&nbsp;<\/td><td>&nbsp;<\/td><\/tr><tr><td>&nbsp;<\/td><td>&nbsp;<\/td><td>&nbsp;<\/td><td>&nbsp;<\/td><td>&nbsp;<\/td><\/tr><tr><td>&nbsp;<\/td><td>&nbsp;<\/td><td>&nbsp;<\/td><td>&nbsp;<\/td><td>&nbsp;<\/td><\/tr><tr><td>&nbsp;<\/td><td>&nbsp;<\/td><td>&nbsp;<\/td><td>&nbsp;<\/td><td>&nbsp;<\/td><\/tr><tr><td>&nbsp;<\/td><td>&nbsp;<\/td><td>&nbsp;<\/td><td>&nbsp;<\/td><td>&nbsp;<\/td><\/tr><\/tbody><\/table><\/figure>\n\n\n<p><p>&nbsp;<\/p>\n<p>&nbsp;<\/p><\/p>\n\n\n<h2 class=\"wp-block-heading\">Wunsiedel<\/h2>\n\n\n\n<p>&nbsp;<\/p>\n\n\n\n<p><strong>Ehrenvorsitzender:<\/strong><\/p>\n\n\n\n<p>Walter Landgraf, Greimweg 7, 95691 Hohenberg, Tel. 09233\/8708<\/p>\n\n\n\n<p><strong>Kreisvorsitzender:<\/strong><\/p>\n\n\n\n<p>Edwin Seidel, Sonnleite 17, 95686 Fichtelberg, Tel. 09272\/1477, 0151\/50730443,&nbsp;<a href=\"mailto:edwin.seidel@gmx.de\">edwin.seidel@gmx.de<\/a><\/p>\n\n\n\n<p><strong>2. Kreisvorsitzender:<\/strong><\/p>\n\n\n\n<p>Michael Probst, Sudetenweg 7, 95158 Kirchenlamitz, Tel. 0159 06183263,&nbsp;<a href=\"https:\/\/www.kaninchen-bayern.de\/_html\/bezirke\/kreise\/neuseelaenderclub-oberfranken-robst@gmx.de\">neuseelaenderclub-oberfranken-robst@gmx.de<\/a><\/p>\n\n\n\n<p><strong>1. Zuchtwart:<\/strong><\/p>\n\n\n\n<p>J\u00fcrgen Simon, Birkenstr. 4, 95100 Selb-Pl\u00f6\u00dfberg, Tel. 0152 02657678<\/p>\n\n\n\n<p><strong>Kreisjugendleiter:<\/strong><\/p>\n\n\n\n<p>Andreas Wittich, Schlo\u00dfstra\u00dfe 7, 95158 Kirchenlamitz, Tel. 0151\/20920567,&nbsp;<a href=\"mailto:andreas-wittich@web.de\">andreas-wittich@web.de<\/a><\/p>\n\n\n\n<p><strong>HuK-Gruppen-Leiterin:<\/strong><\/p>\n\n\n\n<p>Brigitte Str\u00f6\u00dfenreuther, von Rohrer Weg 6, 95186 H\u00f6chst\u00e4dt, Tel. 09235\/776<\/p>\n\n\n<p><p>&nbsp;<\/p>\n<p>&nbsp;<\/p><\/p>\n\n\n<figure class=\"wp-block-flexible-table-block-table\"><table class=\"has-fixed-layout\"><tbody><tr><td>&nbsp;<\/td><td>&nbsp;<\/td><td>&nbsp;<\/td><td>&nbsp;<\/td><td>&nbsp;<\/td><\/tr><tr><td>&nbsp;<\/td><td>&nbsp;<\/td><td>&nbsp;<\/td><td>&nbsp;<\/td><td>&nbsp;<\/td><\/tr><tr><td>&nbsp;<\/td><td>&nbsp;<\/td><td>&nbsp;<\/td><td>&nbsp;<\/td><td>&nbsp;<\/td><\/tr><tr><td>&nbsp;<\/td><td>&nbsp;<\/td><td>&nbsp;<\/td><td>&nbsp;<\/td><td>&nbsp;<\/td><\/tr><tr><td>&nbsp;<\/td><td>&nbsp;<\/td><td>&nbsp;<\/td><td>&nbsp;<\/td><td>&nbsp;<\/td><\/tr><tr><td>&nbsp;<\/td><td>&nbsp;<\/td><td>&nbsp;<\/td><td>&nbsp;<\/td><td>&nbsp;<\/td><\/tr><tr><td>&nbsp;<\/td><td>&nbsp;<\/td><td>&nbsp;<\/td><td>&nbsp;<\/td><td>&nbsp;<\/td><\/tr><tr><td>&nbsp;<\/td><td>&nbsp;<\/td><td>&nbsp;<\/td><td>&nbsp;<\/td><td>&nbsp;<\/td><\/tr><tr><td>&nbsp;<\/td><td>&nbsp;<\/td><td>&nbsp;<\/td><td>&nbsp;<\/td><td>&nbsp;<\/td><\/tr><tr><td>&nbsp;<\/td><td>&nbsp;<\/td><td>&nbsp;<\/td><td>&nbsp;<\/td><td>&nbsp;<\/td><\/tr><tr><td>&nbsp;<\/td><td>&nbsp;<\/td><td>&nbsp;<\/td><td>&nbsp;<\/td><td>&nbsp;<\/td><\/tr><tr><td>&nbsp;<\/td><td>&nbsp;<\/td><td>&nbsp;<\/td><td>&nbsp;<\/td><td>&nbsp;<\/td><\/tr><tr><td>&nbsp;<\/td><td>&nbsp;<\/td><td>&nbsp;<\/td><td>&nbsp;<\/td><td>&nbsp;<\/td><\/tr><tr><td>&nbsp;<\/td><td>&nbsp;<\/td><td>&nbsp;<\/td><td>&nbsp;<\/td><td>&nbsp;<\/td><\/tr><tr><td>&nbsp;<\/td><td>&nbsp;<\/td><td>&nbsp;<\/td><td>&nbsp;<\/td><td>&nbsp;<\/td><\/tr><\/tbody><\/table><\/figure>\n\n\n<p><p>&nbsp;<\/p>\n<p>&nbsp;<\/p><\/p>\n\n\n<h2 class=\"wp-block-heading\">M\u00fcnchberg<\/h2>\n\n\n\n<p>&nbsp;<\/p>\n\n\n\n<p><strong>Kreisvorsitzender:<\/strong><\/p>\n\n\n\n<p>Lisa Messerschmidt, Hildbrandsgr\u00fcn 45, 95213 M\u00fcnchberg, Tel. 09251\/899790,<a href=\"mailto:lisa.messerschmidt@icloud.com\">&nbsp;lisa.messerschmidt@icloud.com<\/a><\/p>\n\n\n\n<p><strong>Kreisjugendleiter:<\/strong><\/p>\n\n\n\n<p>Alfred B\u00e4r, Frankenstra\u00dfe 2a, 95197 Schauenstein, Tel. 09252\/3361,&nbsp;<a href=\"mailto:Bearalfred@web.de\">Bearalfred@web.de<\/a><\/p>\n\n\n<p><p>&nbsp;<\/p>\n<p>&nbsp;<\/p><\/p>\n\n\n<figure class=\"wp-block-flexible-table-block-table\"><table class=\"has-fixed-layout\"><tbody><tr><td>&nbsp;<\/td><td>&nbsp;<\/td><td>&nbsp;<\/td><td>&nbsp;<\/td><td>&nbsp;<\/td><\/tr><tr><td>&nbsp;<\/td><td>&nbsp;<\/td><td>&nbsp;<\/td><td>&nbsp;<\/td><td>&nbsp;<\/td><\/tr><tr><td>&nbsp;<\/td><td>&nbsp;<\/td><td>&nbsp;<\/td><td>&nbsp;<\/td><td>&nbsp;<\/td><\/tr><tr><td>&nbsp;<\/td><td>&nbsp;<\/td><td>&nbsp;<\/td><td>&nbsp;<\/td><td>&nbsp;<\/td><\/tr><tr><td>&nbsp;<\/td><td>&nbsp;<\/td><td>&nbsp;<\/td><td>&nbsp;<\/td><td>&nbsp;<\/td><\/tr><tr><td>&nbsp;<\/td><td>&nbsp;<\/td><td>&nbsp;<\/td><td>&nbsp;<\/td><td>&nbsp;<\/td><\/tr><tr><td>&nbsp;<\/td><td>&nbsp;<\/td><td>&nbsp;<\/td><td>&nbsp;<\/td><td>&nbsp;<\/td><\/tr><tr><td>&nbsp;<\/td><td>&nbsp;<\/td><td>&nbsp;<\/td><td>&nbsp;<\/td><td>&nbsp;<\/td><\/tr><tr><td>&nbsp;<\/td><td>&nbsp;<\/td><td>&nbsp;<\/td><td>&nbsp;<\/td><td>&nbsp;<\/td><\/tr><tr><td>&nbsp;<\/td><td>&nbsp;<\/td><td>&nbsp;<\/td><td>&nbsp;<\/td><td>&nbsp;<\/td><\/tr><tr><td>&nbsp;<\/td><td>&nbsp;<\/td><td>&nbsp;<\/td><td>&nbsp;<\/td><td>&nbsp;<\/td><\/tr><tr><td>&nbsp;<\/td><td>&nbsp;<\/td><td>&nbsp;<\/td><td>&nbsp;<\/td><td>&nbsp;<\/td><\/tr><\/tbody><\/table><\/figure>\n\n\n\n<p>&nbsp;<\/p>\n","protected":false},"excerpt":{"rendered":"<p>\u00a0 Bayreuth &nbsp; Kreisvorsitzender: Christian Wei\u00dfenberger, Dr. Jula-Dittmar-Weg 1, 995448 Bayreuth, Tel. 0921\/7308244,&nbsp;weissenberger.christian@web.de Kreisjugendleiter: Reiner Zapf, Leisau 65a, 95497 Goldkronach, Tel. 0151\/70068436,&nbsp;reiner.zapf1@tonline.de &nbsp; &nbsp; &nbsp; &nbsp; &nbsp; Lichtenfels Kreisvorsitzender: Ralf Topfstedt, Veitsbergblick 1, 96179 Rattelsdorf, Tel. 09547\/872419,&nbsp;topfstedt.ralfi@t-online.de Kreisjugendleiter: Axel Schardt,<\/p>\n","protected":false},"author":2,"featured_media":0,"parent":0,"menu_order":0,"comment_status":"closed","ping_status":"closed","template":"","meta":{"footnotes":""},"class_list":["post-765","page","type-page","status-publish","hentry"],"_links":{"self":[{"href":"https:\/\/demo.vbrk.de\/index.php?rest_route=\/wp\/v2\/pages\/765","targetHints":{"allow":["GET"]}}],"collection":[{"href":"https:\/\/demo.vbrk.de\/index.php?rest_route=\/wp\/v2\/pages"}],"about":[{"href":"https:\/\/demo.vbrk.de\/index.php?rest_route=\/wp\/v2\/types\/page"}],"author":[{"embeddable":true,"href":"https:\/\/demo.vbrk.de\/index.php?rest_route=\/wp\/v2\/users\/2"}],"replies":[{"embeddable":true,"href":"https:\/\/demo.vbrk.de\/index.php?rest_route=%2Fwp%2Fv2%2Fcomments&post=765"}],"version-history":[{"count":12,"href":"https:\/\/demo.vbrk.de\/index.php?rest_route=\/wp\/v2\/pages\/765\/revisions"}],"predecessor-version":[{"id":861,"href":"https:\/\/demo.vbrk.de\/index.php?rest_route=\/wp\/v2\/pages\/765\/revisions\/861"}],"wp:attachment":[{"href":"https:\/\/demo.vbrk.de\/index.php?rest_route=%2Fwp%2Fv2%2Fmedia&parent=765"}],"curies":[{"name":"wp","href":"https:\/\/api.w.org\/{rel}","templated":true}]}}